{"id":940,"date":"2024-04-01T21:20:41","date_gmt":"2024-04-01T19:20:41","guid":{"rendered":"https:\/\/justsmile.hu\/?post_type=faq&#038;p=940"},"modified":"2024-04-01T22:06:54","modified_gmt":"2024-04-01T20:06:54","slug":"mennyibe-kerul-a-kezelesi-terv","status":"publish","type":"faq","link":"https:\/\/justsmile.hu\/hu\/faq\/mennyibe-kerul-a-kezelesi-terv\/","title":{"rendered":"Mennyibe ker\u00fcl a kezel\u00e9si terv?"},"content":{"rendered":"<p>Az els\u0151, 3D szkennel\u00e9st is mag\u00e1ban foglal\u00f3 konzult\u00e1ci\u00f3 ingyenes. Amennyiben szeretn\u00e9l egy kezel\u00e9si tervet k\u00e9sz\u00edttetni, akkor ez\u00e9rt d\u00edjat sz\u00e1m\u00edtunk fel (l\u00e1sd a kieg\u00e9sz\u00edt\u0151 szolg\u00e1ltat\u00e1sok t\u00e1bl\u00e1zat\u00e1t), amelyet az aligner kezel\u00e9s csomag\u00e1r\u00e1bol levonunk, amint \u00fagy d\u00f6ntesz, hogy n\u00e1lunk k\u00e9red az aligner-kezel\u00e9st. Ha fogorvosi felm\u00e9r\u00e9s\u00fcnk eredm\u00e9nyek\u00e9nt \u00fagy l\u00e1tjuk, hogy aligner kezel\u00e9s nem alkalmazhat\u00f3, a teljes \u00f6sszeget (a kezel\u00e9si terv d\u00edj\u00e1t) visszat\u00e9r\u00edtj\u00fck.<\/p>","protected":false},"template":"","format":"standard","faq_categories":[11,17],"faq_language":[18],"class_list":["post-940","faq","type-faq","status-publish","format-standard","hentry","faq_categories-aligners","faq_categories-pricing-and-payment","faq_language-faq_hu"],"acf":[],"yoast_head":"<!-- This site is optimized with the Yoast SEO Premium plugin v27.4 (Yoast SEO v27.4) - https:\/\/yoast.com\/product\/yoast-seo-premium-wordpress\/ -->\n<title>Mennyibe ker\u00fcl a kezel\u00e9si terv? - JustSmile<\/title>\n<meta name=\"robots\" content=\"index, follow, max-snippet:-1, max-image-preview:large, max-video-preview:-1\" \/>\n<link rel=\"canonical\" href=\"https:\/\/justsmile.hu\/hu\/gyik\/mennyibe-kerul-a-kezelesi-terv\/\" \/>\n<meta property=\"og:locale\" content=\"hu_HU\" \/>\n<meta property=\"og:type\" content=\"article\" \/>\n<meta property=\"og:title\" content=\"Mennyibe ker\u00fcl a kezel\u00e9si terv?\" \/>\n<meta property=\"og:description\" content=\"Az els\u0151, 3D szkennel\u00e9st is mag\u00e1ban foglal\u00f3 konzult\u00e1ci\u00f3 ingyenes. Amennyiben szeretn\u00e9l egy kezel\u00e9si tervet k\u00e9sz\u00edttetni, akkor ez\u00e9rt d\u00edjat sz\u00e1m\u00edtunk fel (l\u00e1sd a kieg\u00e9sz\u00edt\u0151 szolg\u00e1ltat\u00e1sok t\u00e1bl\u00e1zat\u00e1t), amelyet az aligner kezel\u00e9s csomag\u00e1r\u00e1bol levonunk, amint \u00fagy d\u00f6ntesz, hogy n\u00e1lunk k\u00e9red az aligner-kezel\u00e9st. Ha fogorvosi felm\u00e9r\u00e9s\u00fcnk eredm\u00e9nyek\u00e9nt \u00fagy l\u00e1tjuk, hogy aligner kezel\u00e9s nem alkalmazhat\u00f3, a teljes \u00f6sszeget (a kezel\u00e9si [&hellip;]\" \/>\n<meta property=\"og:url\" content=\"https:\/\/justsmile.hu\/hu\/gyik\/mennyibe-kerul-a-kezelesi-terv\/\" \/>\n<meta property=\"og:site_name\" content=\"JustSmile\" \/>\n<meta property=\"article:modified_time\" content=\"2024-04-01T20:06:54+00:00\" \/>\n<meta property=\"og:image\" content=\"https:\/\/justsmile.hu\/wp-content\/uploads\/2024\/01\/Frame-2-2.png\" \/>\n\t<meta property=\"og:image:width\" content=\"473\" \/>\n\t<meta property=\"og:image:height\" content=\"383\" \/>\n\t<meta property=\"og:image:type\" content=\"image\/png\" \/>\n<meta name=\"twitter:card\" content=\"summary_large_image\" \/>\n<script type=\"application\/ld+json\" class=\"yoast-schema-graph\">{\"@context\":\"https:\\\/\\\/schema.org\",\"@graph\":[{\"@type\":\"WebPage\",\"@id\":\"https:\\\/\\\/justsmile.hu\\\/faq\\\/mennyibe-kerul-a-kezelesi-terv\\\/\",\"url\":\"https:\\\/\\\/justsmile.hu\\\/faq\\\/mennyibe-kerul-a-kezelesi-terv\\\/\",\"name\":\"Mennyibe ker\u00fcl a kezel\u00e9si terv? - JustSmile\",\"isPartOf\":{\"@id\":\"https:\\\/\\\/justsmile.hu\\\/hu\\\/#website\"},\"datePublished\":\"2024-04-01T19:20:41+00:00\",\"dateModified\":\"2024-04-01T20:06:54+00:00\",\"breadcrumb\":{\"@id\":\"https:\\\/\\\/justsmile.hu\\\/faq\\\/mennyibe-kerul-a-kezelesi-terv\\\/#breadcrumb\"},\"inLanguage\":\"hu\",\"potentialAction\":[{\"@type\":\"ReadAction\",\"target\":[\"https:\\\/\\\/justsmile.hu\\\/faq\\\/mennyibe-kerul-a-kezelesi-terv\\\/\"]}]},{\"@type\":\"BreadcrumbList\",\"@id\":\"https:\\\/\\\/justsmile.hu\\\/faq\\\/mennyibe-kerul-a-kezelesi-terv\\\/#breadcrumb\",\"itemListElement\":[{\"@type\":\"ListItem\",\"position\":1,\"name\":\"Home\",\"item\":\"https:\\\/\\\/justsmile.hu\\\/\"},{\"@type\":\"ListItem\",\"position\":2,\"name\":\"FAQs\",\"item\":\"https:\\\/\\\/justsmile.hu\\\/faq\\\/\"},{\"@type\":\"ListItem\",\"position\":3,\"name\":\"Mennyibe ker\u00fcl a kezel\u00e9si terv?\"}]},{\"@type\":\"WebSite\",\"@id\":\"https:\\\/\\\/justsmile.hu\\\/hu\\\/#website\",\"url\":\"https:\\\/\\\/justsmile.hu\\\/hu\\\/\",\"name\":\"JustSmile\",\"description\":\"\",\"publisher\":{\"@id\":\"https:\\\/\\\/justsmile.hu\\\/hu\\\/#organization\"},\"alternateName\":\"Invisible braces for the perfect smile | at fair prices\",\"potentialAction\":[{\"@type\":\"SearchAction\",\"target\":{\"@type\":\"EntryPoint\",\"urlTemplate\":\"https:\\\/\\\/justsmile.hu\\\/hu\\\/?s={search_term_string}\"},\"query-input\":{\"@type\":\"PropertyValueSpecification\",\"valueRequired\":true,\"valueName\":\"search_term_string\"}}],\"inLanguage\":\"hu\"},{\"@type\":\"Organization\",\"@id\":\"https:\\\/\\\/justsmile.hu\\\/hu\\\/#organization\",\"name\":\"JustSmile\",\"alternateName\":\"Just Smile\",\"url\":\"https:\\\/\\\/justsmile.hu\\\/hu\\\/\",\"logo\":{\"@type\":\"ImageObject\",\"inLanguage\":\"hu\",\"@id\":\"https:\\\/\\\/justsmile.hu\\\/hu\\\/#\\\/schema\\\/logo\\\/image\\\/\",\"url\":\"https:\\\/\\\/justsmile.hu\\\/wp-content\\\/uploads\\\/2024\\\/01\\\/cropped-Frame-2-2.png\",\"contentUrl\":\"https:\\\/\\\/justsmile.hu\\\/wp-content\\\/uploads\\\/2024\\\/01\\\/cropped-Frame-2-2.png\",\"width\":512,\"height\":512,\"caption\":\"JustSmile\"},\"image\":{\"@id\":\"https:\\\/\\\/justsmile.hu\\\/hu\\\/#\\\/schema\\\/logo\\\/image\\\/\"}}]}<\/script>\n<!-- \/ Yoast SEO Premium plugin. -->","yoast_head_json":{"title":"Mennyibe ker\u00fcl a kezel\u00e9si terv? - JustSmile","robots":{"index":"index","follow":"follow","max-snippet":"max-snippet:-1","max-image-preview":"max-image-preview:large","max-video-preview":"max-video-preview:-1"},"canonical":"https:\/\/justsmile.hu\/hu\/gyik\/mennyibe-kerul-a-kezelesi-terv\/","og_locale":"hu_HU","og_type":"article","og_title":"Mennyibe ker\u00fcl a kezel\u00e9si terv?","og_description":"Az els\u0151, 3D szkennel\u00e9st is mag\u00e1ban foglal\u00f3 konzult\u00e1ci\u00f3 ingyenes. Amennyiben szeretn\u00e9l egy kezel\u00e9si tervet k\u00e9sz\u00edttetni, akkor ez\u00e9rt d\u00edjat sz\u00e1m\u00edtunk fel (l\u00e1sd a kieg\u00e9sz\u00edt\u0151 szolg\u00e1ltat\u00e1sok t\u00e1bl\u00e1zat\u00e1t), amelyet az aligner kezel\u00e9s csomag\u00e1r\u00e1bol levonunk, amint \u00fagy d\u00f6ntesz, hogy n\u00e1lunk k\u00e9red az aligner-kezel\u00e9st. Ha fogorvosi felm\u00e9r\u00e9s\u00fcnk eredm\u00e9nyek\u00e9nt \u00fagy l\u00e1tjuk, hogy aligner kezel\u00e9s nem alkalmazhat\u00f3, a teljes \u00f6sszeget (a kezel\u00e9si [&hellip;]","og_url":"https:\/\/justsmile.hu\/hu\/gyik\/mennyibe-kerul-a-kezelesi-terv\/","og_site_name":"JustSmile","article_modified_time":"2024-04-01T20:06:54+00:00","og_image":[{"width":473,"height":383,"url":"https:\/\/justsmile.hu\/wp-content\/uploads\/2024\/01\/Frame-2-2.png","type":"image\/png"}],"twitter_card":"summary_large_image","schema":{"@context":"https:\/\/schema.org","@graph":[{"@type":"WebPage","@id":"https:\/\/justsmile.hu\/faq\/mennyibe-kerul-a-kezelesi-terv\/","url":"https:\/\/justsmile.hu\/faq\/mennyibe-kerul-a-kezelesi-terv\/","name":"Mennyibe ker\u00fcl a kezel\u00e9si terv? - JustSmile","isPartOf":{"@id":"https:\/\/justsmile.hu\/hu\/#website"},"datePublished":"2024-04-01T19:20:41+00:00","dateModified":"2024-04-01T20:06:54+00:00","breadcrumb":{"@id":"https:\/\/justsmile.hu\/faq\/mennyibe-kerul-a-kezelesi-terv\/#breadcrumb"},"inLanguage":"hu","potentialAction":[{"@type":"ReadAction","target":["https:\/\/justsmile.hu\/faq\/mennyibe-kerul-a-kezelesi-terv\/"]}]},{"@type":"BreadcrumbList","@id":"https:\/\/justsmile.hu\/faq\/mennyibe-kerul-a-kezelesi-terv\/#breadcrumb","itemListElement":[{"@type":"ListItem","position":1,"name":"Home","item":"https:\/\/justsmile.hu\/"},{"@type":"ListItem","position":2,"name":"FAQs","item":"https:\/\/justsmile.hu\/faq\/"},{"@type":"ListItem","position":3,"name":"Mennyibe ker\u00fcl a kezel\u00e9si terv?"}]},{"@type":"WebSite","@id":"https:\/\/justsmile.hu\/hu\/#website","url":"https:\/\/justsmile.hu\/hu\/","name":"JustSmile","description":"","publisher":{"@id":"https:\/\/justsmile.hu\/hu\/#organization"},"alternateName":"Invisible braces for the perfect smile | at fair prices","potentialAction":[{"@type":"SearchAction","target":{"@type":"EntryPoint","urlTemplate":"https:\/\/justsmile.hu\/hu\/?s={search_term_string}"},"query-input":{"@type":"PropertyValueSpecification","valueRequired":true,"valueName":"search_term_string"}}],"inLanguage":"hu"},{"@type":"Organization","@id":"https:\/\/justsmile.hu\/hu\/#organization","name":"JustSmile","alternateName":"Just Smile","url":"https:\/\/justsmile.hu\/hu\/","logo":{"@type":"ImageObject","inLanguage":"hu","@id":"https:\/\/justsmile.hu\/hu\/#\/schema\/logo\/image\/","url":"https:\/\/justsmile.hu\/wp-content\/uploads\/2024\/01\/cropped-Frame-2-2.png","contentUrl":"https:\/\/justsmile.hu\/wp-content\/uploads\/2024\/01\/cropped-Frame-2-2.png","width":512,"height":512,"caption":"JustSmile"},"image":{"@id":"https:\/\/justsmile.hu\/hu\/#\/schema\/logo\/image\/"}}]}},"_links":{"self":[{"href":"https:\/\/justsmile.hu\/hu\/wp-json\/wp\/v2\/faq\/940","targetHints":{"allow":["GET"]}}],"collection":[{"href":"https:\/\/justsmile.hu\/hu\/wp-json\/wp\/v2\/faq"}],"about":[{"href":"https:\/\/justsmile.hu\/hu\/wp-json\/wp\/v2\/types\/faq"}],"wp:attachment":[{"href":"https:\/\/justsmile.hu\/hu\/wp-json\/wp\/v2\/media?parent=940"}],"wp:term":[{"taxonomy":"faq_categories","embeddable":true,"href":"https:\/\/justsmile.hu\/hu\/wp-json\/wp\/v2\/faq_categories?post=940"},{"taxonomy":"faq_language","embeddable":true,"href":"https:\/\/justsmile.hu\/hu\/wp-json\/wp\/v2\/faq_language?post=940"}],"curies":[{"name":"wp","href":"https:\/\/api.w.org\/{rel}","templated":true}]}}

Mennyibe kerül a kezelési terv?

<p>Az első, 3D szkennelést is magában foglaló konzultáció ingyenes. Amennyiben szeretnél egy kezelési tervet készíttetni, akkor ezért díjat számítunk fel (lásd a kiegészítő szolgáltatások táblázatát), amelyet az aligner kezelés csomagárábol levonunk, amint úgy döntesz, hogy nálunk kéred az aligner-kezelést. Ha fogorvosi felmérésünk eredményeként úgy látjuk, hogy aligner kezelés nem alkalmazható, a teljes összeget (a kezelési terv díját) visszatérítjük.</p>

<!-- This site is optimized with the Yoast SEO Premium plugin v27.4 (Yoast SEO v27.4) - https://yoast.com/product/yoast-seo-premium-wordpress/ -->
<title>Mennyibe kerül a kezelési terv? - JustSmile</title>
<meta name="robots" content="index, follow, max-snippet:-1, max-image-preview:large, max-video-preview:-1" />
<link rel="canonical" href="https://justsmile.hu/hu/gyik/mennyibe-kerul-a-kezelesi-terv/" />
<meta property="og:locale" content="hu_HU" />
<meta property="og:type" content="article" />
<meta property="og:title" content="Mennyibe kerül a kezelési terv?" />
<meta property="og:description" content="Az első, 3D szkennelést is magában foglaló konzultáció ingyenes. Amennyiben szeretnél egy kezelési tervet készíttetni, akkor ezért díjat számítunk fel (lásd a kiegészítő szolgáltatások táblázatát), amelyet az aligner kezelés csomagárábol levonunk, amint úgy döntesz, hogy nálunk kéred az aligner-kezelést. Ha fogorvosi felmérésünk eredményeként úgy látjuk, hogy aligner kezelés nem alkalmazható, a teljes összeget (a kezelési [&hellip;]" />
<meta property="og:url" content="https://justsmile.hu/hu/gyik/mennyibe-kerul-a-kezelesi-terv/" />
<meta property="og:site_name" content="JustSmile" />
<meta property="article:modified_time" content="2024-04-01T20:06:54+00:00" />
<meta property="og:image" content="https://justsmile.hu/wp-content/uploads/2024/01/Frame-2-2.png" />
	<meta property="og:image:width" content="473" />
	<meta property="og:image:height" content="383" />
	<meta property="og:image:type" content="image/png" />
<meta name="twitter:card" content="summary_large_image" />
<script type="application/ld+json" class="yoast-schema-graph">{"@context":"https:\/\/schema.org","@graph":[{"@type":"WebPage","@id":"https:\/\/justsmile.hu\/faq\/mennyibe-kerul-a-kezelesi-terv\/","url":"https:\/\/justsmile.hu\/faq\/mennyibe-kerul-a-kezelesi-terv\/","name":"Mennyibe kerül a kezelési terv? - JustSmile","isPartOf":{"@id":"https:\/\/justsmile.hu\/hu\/#website"},"datePublished":"2024-04-01T19:20:41+00:00","dateModified":"2024-04-01T20:06:54+00:00","breadcrumb":{"@id":"https:\/\/justsmile.hu\/faq\/mennyibe-kerul-a-kezelesi-terv\/#breadcrumb"},"inLanguage":"hu","potentialAction":[{"@type":"ReadAction","target":["https:\/\/justsmile.hu\/faq\/mennyibe-kerul-a-kezelesi-terv\/"]}]},{"@type":"BreadcrumbList","@id":"https:\/\/justsmile.hu\/faq\/mennyibe-kerul-a-kezelesi-terv\/#breadcrumb","itemListElement":[{"@type":"ListItem","position":1,"name":"Home","item":"https:\/\/justsmile.hu\/"},{"@type":"ListItem","position":2,"name":"FAQs","item":"https:\/\/justsmile.hu\/faq\/"},{"@type":"ListItem","position":3,"name":"Mennyibe kerül a kezelési terv?"}]},{"@type":"WebSite","@id":"https:\/\/justsmile.hu\/hu\/#website","url":"https:\/\/justsmile.hu\/hu\/","name":"JustSmile","description":"","publisher":{"@id":"https:\/\/justsmile.hu\/hu\/#organization"},"alternateName":"Invisible braces for the perfect smile | at fair prices","potentialAction":[{"@type":"SearchAction","target":{"@type":"EntryPoint","urlTemplate":"https:\/\/justsmile.hu\/hu\/?s={search_term_string}"},"query-input":{"@type":"PropertyValueSpecification","valueRequired":true,"valueName":"search_term_string"}}],"inLanguage":"hu"},{"@type":"Organization","@id":"https:\/\/justsmile.hu\/hu\/#organization","name":"JustSmile","alternateName":"Just Smile","url":"https:\/\/justsmile.hu\/hu\/","logo":{"@type":"ImageObject","inLanguage":"hu","@id":"https:\/\/justsmile.hu\/hu\/#\/schema\/logo\/image\/","url":"https:\/\/justsmile.hu\/wp-content\/uploads\/2024\/01\/cropped-Frame-2-2.png","contentUrl":"https:\/\/justsmile.hu\/wp-content\/uploads\/2024\/01\/cropped-Frame-2-2.png","width":512,"height":512,"caption":"JustSmile"},"image":{"@id":"https:\/\/justsmile.hu\/hu\/#\/schema\/logo\/image\/"}}]}</script>
<!-- / Yoast SEO Premium plugin. -->

Mennyibe kerül a kezelési terv? - JustSmile

Az első, 3D szkennelést is magában foglaló konzultáció ingyenes. Amennyiben szeretnél egy kezelési tervet készíttetni, akkor ezért díjat számítunk fel (lásd a kiegészítő szolgáltatások táblázatát), amelyet az aligner kezelés csomagárábol levonunk, amint úgy döntesz, hogy nálunk kéred az aligner-kezelést. Ha fogorvosi felmérésünk eredményeként úgy látjuk, hogy aligner kezelés nem alkalmazható, a teljes összeget (a kezelési [&hellip;]
