{"id":998,"date":"2024-04-01T21:30:22","date_gmt":"2024-04-01T19:30:22","guid":{"rendered":"https:\/\/justsmile.hu\/?post_type=faq&#038;p=998"},"modified":"2025-05-29T18:21:44","modified_gmt":"2025-05-29T16:21:44","slug":"mely-paciensek-kezeleset-nem-vallalja-a-justsmile","status":"publish","type":"faq","link":"https:\/\/justsmile.hu\/hu\/faq\/mely-paciensek-kezeleset-nem-vallalja-a-justsmile\/","title":{"rendered":"Kik sz\u00e1m\u00e1ra alkalmas az aligner kezel\u00e9s?"},"content":{"rendered":"<p><br><strong>16 \u00e9v felett<\/strong><br>A JustSmile aligner kezel\u00e9sek 16 \u00e9ves kort\u00f3l aj\u00e1nlottak azok sz\u00e1m\u00e1ra, akiknek m\u00e1r nincsenek tejfogaik.<\/p>\n\n\n\n<p><strong>Terhess\u00e9g<\/strong><br>Az aligner kezel\u00e9s terhess\u00e9g alatt is elv\u00e9gezhet\u0151. Ugyanakkor a sug\u00e1rterhel\u00e9s miatt nem javasolt a r\u00f6ntgenfelv\u00e9tel k\u00e9sz\u00edt\u00e9se a terhess\u00e9g ideje alatt. A r\u00f6ntgen \u00e1ltal\u00e1ban csak a kezel\u00e9s elej\u00e9n, a kezel\u00e9si terv elk\u00e9sz\u00edt\u00e9s\u00e9hez sz\u00fcks\u00e9ges.<\/p>\n\n\n\n<p><\/p>\n\n\n\n<p>Ezen k\u00edv\u00fcl lehetnek egy\u00e9b orvosi okok is, amelyek miatt a JustSmile nem javasolja a kezel\u00e9st, vagy elutas\u00edthatja a p\u00e1ciens kezel\u00e9s\u00e9t.<\/p>","protected":false},"template":"","format":"standard","faq_categories":[11,12],"faq_language":[18],"class_list":["post-998","faq","type-faq","status-publish","format-standard","hentry","faq_categories-aligners","faq_categories-generic","faq_language-faq_hu"],"acf":[],"yoast_head":"<!-- This site is optimized with the Yoast SEO Premium plugin v27.4 (Yoast SEO v27.4) - https:\/\/yoast.com\/product\/yoast-seo-premium-wordpress\/ -->\n<title>Kik sz\u00e1m\u00e1ra alkalmas az aligner kezel\u00e9s? - JustSmile<\/title>\n<meta name=\"robots\" content=\"index, follow, max-snippet:-1, max-image-preview:large, max-video-preview:-1\" \/>\n<link rel=\"canonical\" href=\"https:\/\/justsmile.hu\/hu\/gyik\/mely-paciensek-kezeleset-nem-vallalja-a-justsmile\/\" \/>\n<meta property=\"og:locale\" content=\"hu_HU\" \/>\n<meta property=\"og:type\" content=\"article\" \/>\n<meta property=\"og:title\" content=\"Kik sz\u00e1m\u00e1ra alkalmas az aligner kezel\u00e9s?\" \/>\n<meta property=\"og:description\" content=\"16 \u00e9v felettA JustSmile aligner kezel\u00e9sek 16 \u00e9ves kort\u00f3l aj\u00e1nlottak azok sz\u00e1m\u00e1ra, akiknek m\u00e1r nincsenek tejfogaik. Terhess\u00e9gAz aligner kezel\u00e9s terhess\u00e9g alatt is elv\u00e9gezhet\u0151. Ugyanakkor a sug\u00e1rterhel\u00e9s miatt nem javasolt a r\u00f6ntgenfelv\u00e9tel k\u00e9sz\u00edt\u00e9se a terhess\u00e9g ideje alatt. A r\u00f6ntgen \u00e1ltal\u00e1ban csak a kezel\u00e9s elej\u00e9n, a kezel\u00e9si terv elk\u00e9sz\u00edt\u00e9s\u00e9hez sz\u00fcks\u00e9ges. Ezen k\u00edv\u00fcl lehetnek egy\u00e9b orvosi okok is, [&hellip;]\" \/>\n<meta property=\"og:url\" content=\"https:\/\/justsmile.hu\/hu\/gyik\/mely-paciensek-kezeleset-nem-vallalja-a-justsmile\/\" \/>\n<meta property=\"og:site_name\" content=\"JustSmile\" \/>\n<meta property=\"article:modified_time\" content=\"2025-05-29T16:21:44+00:00\" \/>\n<meta property=\"og:image\" content=\"https:\/\/justsmile.hu\/wp-content\/uploads\/2024\/01\/Frame-2-2.png\" \/>\n\t<meta property=\"og:image:width\" content=\"473\" \/>\n\t<meta property=\"og:image:height\" content=\"383\" \/>\n\t<meta property=\"og:image:type\" content=\"image\/png\" \/>\n<meta name=\"twitter:card\" content=\"summary_large_image\" \/>\n<meta name=\"twitter:label1\" content=\"Becs\u00fclt olvas\u00e1si id\u0151\" \/>\n\t<meta name=\"twitter:data1\" content=\"1 perc\" \/>\n<script type=\"application\/ld+json\" class=\"yoast-schema-graph\">{\"@context\":\"https:\\\/\\\/schema.org\",\"@graph\":[{\"@type\":\"WebPage\",\"@id\":\"https:\\\/\\\/justsmile.hu\\\/faq\\\/mely-paciensek-kezeleset-nem-vallalja-a-justsmile\\\/\",\"url\":\"https:\\\/\\\/justsmile.hu\\\/faq\\\/mely-paciensek-kezeleset-nem-vallalja-a-justsmile\\\/\",\"name\":\"Kik sz\u00e1m\u00e1ra alkalmas az aligner kezel\u00e9s? - JustSmile\",\"isPartOf\":{\"@id\":\"https:\\\/\\\/justsmile.hu\\\/hu\\\/#website\"},\"datePublished\":\"2024-04-01T19:30:22+00:00\",\"dateModified\":\"2025-05-29T16:21:44+00:00\",\"breadcrumb\":{\"@id\":\"https:\\\/\\\/justsmile.hu\\\/faq\\\/mely-paciensek-kezeleset-nem-vallalja-a-justsmile\\\/#breadcrumb\"},\"inLanguage\":\"hu\",\"potentialAction\":[{\"@type\":\"ReadAction\",\"target\":[\"https:\\\/\\\/justsmile.hu\\\/faq\\\/mely-paciensek-kezeleset-nem-vallalja-a-justsmile\\\/\"]}]},{\"@type\":\"BreadcrumbList\",\"@id\":\"https:\\\/\\\/justsmile.hu\\\/faq\\\/mely-paciensek-kezeleset-nem-vallalja-a-justsmile\\\/#breadcrumb\",\"itemListElement\":[{\"@type\":\"ListItem\",\"position\":1,\"name\":\"Home\",\"item\":\"https:\\\/\\\/justsmile.hu\\\/\"},{\"@type\":\"ListItem\",\"position\":2,\"name\":\"FAQs\",\"item\":\"https:\\\/\\\/justsmile.hu\\\/faq\\\/\"},{\"@type\":\"ListItem\",\"position\":3,\"name\":\"Kik sz\u00e1m\u00e1ra alkalmas az aligner kezel\u00e9s?\"}]},{\"@type\":\"WebSite\",\"@id\":\"https:\\\/\\\/justsmile.hu\\\/hu\\\/#website\",\"url\":\"https:\\\/\\\/justsmile.hu\\\/hu\\\/\",\"name\":\"JustSmile\",\"description\":\"\",\"publisher\":{\"@id\":\"https:\\\/\\\/justsmile.hu\\\/hu\\\/#organization\"},\"alternateName\":\"Invisible braces for the perfect smile | at fair prices\",\"potentialAction\":[{\"@type\":\"SearchAction\",\"target\":{\"@type\":\"EntryPoint\",\"urlTemplate\":\"https:\\\/\\\/justsmile.hu\\\/hu\\\/?s={search_term_string}\"},\"query-input\":{\"@type\":\"PropertyValueSpecification\",\"valueRequired\":true,\"valueName\":\"search_term_string\"}}],\"inLanguage\":\"hu\"},{\"@type\":\"Organization\",\"@id\":\"https:\\\/\\\/justsmile.hu\\\/hu\\\/#organization\",\"name\":\"JustSmile\",\"alternateName\":\"Just Smile\",\"url\":\"https:\\\/\\\/justsmile.hu\\\/hu\\\/\",\"logo\":{\"@type\":\"ImageObject\",\"inLanguage\":\"hu\",\"@id\":\"https:\\\/\\\/justsmile.hu\\\/hu\\\/#\\\/schema\\\/logo\\\/image\\\/\",\"url\":\"https:\\\/\\\/justsmile.hu\\\/wp-content\\\/uploads\\\/2024\\\/01\\\/cropped-Frame-2-2.png\",\"contentUrl\":\"https:\\\/\\\/justsmile.hu\\\/wp-content\\\/uploads\\\/2024\\\/01\\\/cropped-Frame-2-2.png\",\"width\":512,\"height\":512,\"caption\":\"JustSmile\"},\"image\":{\"@id\":\"https:\\\/\\\/justsmile.hu\\\/hu\\\/#\\\/schema\\\/logo\\\/image\\\/\"}}]}<\/script>\n<!-- \/ Yoast SEO Premium plugin. -->","yoast_head_json":{"title":"Kik sz\u00e1m\u00e1ra alkalmas az aligner kezel\u00e9s? - JustSmile","robots":{"index":"index","follow":"follow","max-snippet":"max-snippet:-1","max-image-preview":"max-image-preview:large","max-video-preview":"max-video-preview:-1"},"canonical":"https:\/\/justsmile.hu\/hu\/gyik\/mely-paciensek-kezeleset-nem-vallalja-a-justsmile\/","og_locale":"hu_HU","og_type":"article","og_title":"Kik sz\u00e1m\u00e1ra alkalmas az aligner kezel\u00e9s?","og_description":"16 \u00e9v felettA JustSmile aligner kezel\u00e9sek 16 \u00e9ves kort\u00f3l aj\u00e1nlottak azok sz\u00e1m\u00e1ra, akiknek m\u00e1r nincsenek tejfogaik. Terhess\u00e9gAz aligner kezel\u00e9s terhess\u00e9g alatt is elv\u00e9gezhet\u0151. Ugyanakkor a sug\u00e1rterhel\u00e9s miatt nem javasolt a r\u00f6ntgenfelv\u00e9tel k\u00e9sz\u00edt\u00e9se a terhess\u00e9g ideje alatt. A r\u00f6ntgen \u00e1ltal\u00e1ban csak a kezel\u00e9s elej\u00e9n, a kezel\u00e9si terv elk\u00e9sz\u00edt\u00e9s\u00e9hez sz\u00fcks\u00e9ges. Ezen k\u00edv\u00fcl lehetnek egy\u00e9b orvosi okok is, [&hellip;]","og_url":"https:\/\/justsmile.hu\/hu\/gyik\/mely-paciensek-kezeleset-nem-vallalja-a-justsmile\/","og_site_name":"JustSmile","article_modified_time":"2025-05-29T16:21:44+00:00","og_image":[{"width":473,"height":383,"url":"https:\/\/justsmile.hu\/wp-content\/uploads\/2024\/01\/Frame-2-2.png","type":"image\/png"}],"twitter_card":"summary_large_image","twitter_misc":{"Becs\u00fclt olvas\u00e1si id\u0151":"1 perc"},"schema":{"@context":"https:\/\/schema.org","@graph":[{"@type":"WebPage","@id":"https:\/\/justsmile.hu\/faq\/mely-paciensek-kezeleset-nem-vallalja-a-justsmile\/","url":"https:\/\/justsmile.hu\/faq\/mely-paciensek-kezeleset-nem-vallalja-a-justsmile\/","name":"Kik sz\u00e1m\u00e1ra alkalmas az aligner kezel\u00e9s? - JustSmile","isPartOf":{"@id":"https:\/\/justsmile.hu\/hu\/#website"},"datePublished":"2024-04-01T19:30:22+00:00","dateModified":"2025-05-29T16:21:44+00:00","breadcrumb":{"@id":"https:\/\/justsmile.hu\/faq\/mely-paciensek-kezeleset-nem-vallalja-a-justsmile\/#breadcrumb"},"inLanguage":"hu","potentialAction":[{"@type":"ReadAction","target":["https:\/\/justsmile.hu\/faq\/mely-paciensek-kezeleset-nem-vallalja-a-justsmile\/"]}]},{"@type":"BreadcrumbList","@id":"https:\/\/justsmile.hu\/faq\/mely-paciensek-kezeleset-nem-vallalja-a-justsmile\/#breadcrumb","itemListElement":[{"@type":"ListItem","position":1,"name":"Home","item":"https:\/\/justsmile.hu\/"},{"@type":"ListItem","position":2,"name":"FAQs","item":"https:\/\/justsmile.hu\/faq\/"},{"@type":"ListItem","position":3,"name":"Kik sz\u00e1m\u00e1ra alkalmas az aligner kezel\u00e9s?"}]},{"@type":"WebSite","@id":"https:\/\/justsmile.hu\/hu\/#website","url":"https:\/\/justsmile.hu\/hu\/","name":"JustSmile","description":"","publisher":{"@id":"https:\/\/justsmile.hu\/hu\/#organization"},"alternateName":"Invisible braces for the perfect smile | at fair prices","potentialAction":[{"@type":"SearchAction","target":{"@type":"EntryPoint","urlTemplate":"https:\/\/justsmile.hu\/hu\/?s={search_term_string}"},"query-input":{"@type":"PropertyValueSpecification","valueRequired":true,"valueName":"search_term_string"}}],"inLanguage":"hu"},{"@type":"Organization","@id":"https:\/\/justsmile.hu\/hu\/#organization","name":"JustSmile","alternateName":"Just Smile","url":"https:\/\/justsmile.hu\/hu\/","logo":{"@type":"ImageObject","inLanguage":"hu","@id":"https:\/\/justsmile.hu\/hu\/#\/schema\/logo\/image\/","url":"https:\/\/justsmile.hu\/wp-content\/uploads\/2024\/01\/cropped-Frame-2-2.png","contentUrl":"https:\/\/justsmile.hu\/wp-content\/uploads\/2024\/01\/cropped-Frame-2-2.png","width":512,"height":512,"caption":"JustSmile"},"image":{"@id":"https:\/\/justsmile.hu\/hu\/#\/schema\/logo\/image\/"}}]}},"_links":{"self":[{"href":"https:\/\/justsmile.hu\/hu\/wp-json\/wp\/v2\/faq\/998","targetHints":{"allow":["GET"]}}],"collection":[{"href":"https:\/\/justsmile.hu\/hu\/wp-json\/wp\/v2\/faq"}],"about":[{"href":"https:\/\/justsmile.hu\/hu\/wp-json\/wp\/v2\/types\/faq"}],"wp:attachment":[{"href":"https:\/\/justsmile.hu\/hu\/wp-json\/wp\/v2\/media?parent=998"}],"wp:term":[{"taxonomy":"faq_categories","embeddable":true,"href":"https:\/\/justsmile.hu\/hu\/wp-json\/wp\/v2\/faq_categories?post=998"},{"taxonomy":"faq_language","embeddable":true,"href":"https:\/\/justsmile.hu\/hu\/wp-json\/wp\/v2\/faq_language?post=998"}],"curies":[{"name":"wp","href":"https:\/\/api.w.org\/{rel}","templated":true}]}}

Kik számára alkalmas az aligner kezelés?

<p><br><strong>16 év felett</strong><br>A JustSmile aligner kezelések 16 éves kortól ajánlottak azok számára, akiknek már nincsenek tejfogaik.</p>



<p><strong>Terhesség</strong><br>Az aligner kezelés terhesség alatt is elvégezhető. Ugyanakkor a sugárterhelés miatt nem javasolt a röntgenfelvétel készítése a terhesség ideje alatt. A röntgen általában csak a kezelés elején, a kezelési terv elkészítéséhez szükséges.</p>



<p></p>



<p>Ezen kívül lehetnek egyéb orvosi okok is, amelyek miatt a JustSmile nem javasolja a kezelést, vagy elutasíthatja a páciens kezelését.</p>

<!-- This site is optimized with the Yoast SEO Premium plugin v27.4 (Yoast SEO v27.4) - https://yoast.com/product/yoast-seo-premium-wordpress/ -->
<title>Kik számára alkalmas az aligner kezelés? - JustSmile</title>
<meta name="robots" content="index, follow, max-snippet:-1, max-image-preview:large, max-video-preview:-1" />
<link rel="canonical" href="https://justsmile.hu/hu/gyik/mely-paciensek-kezeleset-nem-vallalja-a-justsmile/" />
<meta property="og:locale" content="hu_HU" />
<meta property="og:type" content="article" />
<meta property="og:title" content="Kik számára alkalmas az aligner kezelés?" />
<meta property="og:description" content="16 év felettA JustSmile aligner kezelések 16 éves kortól ajánlottak azok számára, akiknek már nincsenek tejfogaik. TerhességAz aligner kezelés terhesség alatt is elvégezhető. Ugyanakkor a sugárterhelés miatt nem javasolt a röntgenfelvétel készítése a terhesség ideje alatt. A röntgen általában csak a kezelés elején, a kezelési terv elkészítéséhez szükséges. Ezen kívül lehetnek egyéb orvosi okok is, [&hellip;]" />
<meta property="og:url" content="https://justsmile.hu/hu/gyik/mely-paciensek-kezeleset-nem-vallalja-a-justsmile/" />
<meta property="og:site_name" content="JustSmile" />
<meta property="article:modified_time" content="2025-05-29T16:21:44+00:00" />
<meta property="og:image" content="https://justsmile.hu/wp-content/uploads/2024/01/Frame-2-2.png" />
	<meta property="og:image:width" content="473" />
	<meta property="og:image:height" content="383" />
	<meta property="og:image:type" content="image/png" />
<meta name="twitter:card" content="summary_large_image" />
<meta name="twitter:label1" content="Becsült olvasási idő" />
	<meta name="twitter:data1" content="1 perc" />
<script type="application/ld+json" class="yoast-schema-graph">{"@context":"https:\/\/schema.org","@graph":[{"@type":"WebPage","@id":"https:\/\/justsmile.hu\/faq\/mely-paciensek-kezeleset-nem-vallalja-a-justsmile\/","url":"https:\/\/justsmile.hu\/faq\/mely-paciensek-kezeleset-nem-vallalja-a-justsmile\/","name":"Kik számára alkalmas az aligner kezelés? - JustSmile","isPartOf":{"@id":"https:\/\/justsmile.hu\/hu\/#website"},"datePublished":"2024-04-01T19:30:22+00:00","dateModified":"2025-05-29T16:21:44+00:00","breadcrumb":{"@id":"https:\/\/justsmile.hu\/faq\/mely-paciensek-kezeleset-nem-vallalja-a-justsmile\/#breadcrumb"},"inLanguage":"hu","potentialAction":[{"@type":"ReadAction","target":["https:\/\/justsmile.hu\/faq\/mely-paciensek-kezeleset-nem-vallalja-a-justsmile\/"]}]},{"@type":"BreadcrumbList","@id":"https:\/\/justsmile.hu\/faq\/mely-paciensek-kezeleset-nem-vallalja-a-justsmile\/#breadcrumb","itemListElement":[{"@type":"ListItem","position":1,"name":"Home","item":"https:\/\/justsmile.hu\/"},{"@type":"ListItem","position":2,"name":"FAQs","item":"https:\/\/justsmile.hu\/faq\/"},{"@type":"ListItem","position":3,"name":"Kik számára alkalmas az aligner kezelés?"}]},{"@type":"WebSite","@id":"https:\/\/justsmile.hu\/hu\/#website","url":"https:\/\/justsmile.hu\/hu\/","name":"JustSmile","description":"","publisher":{"@id":"https:\/\/justsmile.hu\/hu\/#organization"},"alternateName":"Invisible braces for the perfect smile | at fair prices","potentialAction":[{"@type":"SearchAction","target":{"@type":"EntryPoint","urlTemplate":"https:\/\/justsmile.hu\/hu\/?s={search_term_string}"},"query-input":{"@type":"PropertyValueSpecification","valueRequired":true,"valueName":"search_term_string"}}],"inLanguage":"hu"},{"@type":"Organization","@id":"https:\/\/justsmile.hu\/hu\/#organization","name":"JustSmile","alternateName":"Just Smile","url":"https:\/\/justsmile.hu\/hu\/","logo":{"@type":"ImageObject","inLanguage":"hu","@id":"https:\/\/justsmile.hu\/hu\/#\/schema\/logo\/image\/","url":"https:\/\/justsmile.hu\/wp-content\/uploads\/2024\/01\/cropped-Frame-2-2.png","contentUrl":"https:\/\/justsmile.hu\/wp-content\/uploads\/2024\/01\/cropped-Frame-2-2.png","width":512,"height":512,"caption":"JustSmile"},"image":{"@id":"https:\/\/justsmile.hu\/hu\/#\/schema\/logo\/image\/"}}]}</script>
<!-- / Yoast SEO Premium plugin. -->

Kik számára alkalmas az aligner kezelés? - JustSmile

16 év felettA JustSmile aligner kezelések 16 éves kortól ajánlottak azok számára, akiknek már nincsenek tejfogaik. TerhességAz aligner kezelés terhesség alatt is elvégezhető. Ugyanakkor a sugárterhelés miatt nem javasolt a röntgenfelvétel készítése a terhesség ideje alatt. A röntgen általában csak a kezelés elején, a kezelési terv elkészítéséhez szükséges. Ezen kívül lehetnek egyéb orvosi okok is, [&hellip;]
